Suppose 5*s = -5*z + 35, -s + 4*s = -k*z + 23. Let n(t) = 4*t**2 - 4*t**z - 5*t**3 + 1 + t**3. What is n(1)?
-3
Let z(o) = 6*o**2 - o - 2. Let p(y) = 9*y**2 - 2*y - 3. Let b(u) = -3*p(u) + 5*z(u). Calculate b(1).
3
Let t(l) be the first derivative of l**2 + 6 + 4/3*l**3 - l. Let g be (-6)/(-9)*(-3)/(-2). What is t(g)?
5
Let z(w) = -w**3 + w**2 + 7. Let n = -237 + 237. Give z(n).
7
Let t(z) = -8*z - 11. Suppose -25*o - 205 = 16*o. Give t(o).
29
Suppose -8*h + 16*h = -96. Let p(y) = -y**3 - 13*y**2 - 14*y - 13. What is p(h)?
11
Suppose 1 = -8*i + 25. Suppose -2*k - 6 - 18 = 4*l, -i*k = 5*l + 29. Let z(n) = n + 5. Calculate z(l).
-2
Let z(a) = a - 8. Suppose 31 = 3*f - 11. Give z(f).
6
Let z(y) = y**2 + 7*y + 2. Let u = 30 - 37. Let b be z(u). Let f(t) = 0*t - t + b*t - 8 + 0*t. Give f(6).
-2
Let l(f) = -f**2 + 26*f - 22. Let k be l(25). Let m(v) = -v + 10. Determine m(k).
7
Suppose -5*y = -d + 5*d - 64, -5*y + 58 = -2*d. Suppose 10*n = 12*n + y. Let w(v) = -v**3 - 6*v**2 - 3*v - 3. Give w(n).
15
Let w be (22 - 10 - 16) + -2 + -11. Let f(q) = 3*q + 58. Determine f(w).
7
Let r(k) be the third derivative of 1/120*k**6 - 1/6*k**4 - 1/2*k**3 + 0 + 0*k - 1/20*k**5 + 16*k**2. What is r(4)?
-3
Let p(x) be the first derivative of -6*x**2 + x - 1. Let n(f) = -2*f**2 + 19*f + 167. Let i be n(15). Calculate p(i).
-23
Let h(l) = -20*l + 20. Let p(j) = 9*j - 10. Let d(y) = -4*h(y) - 9*p(y). What is d(6)?
4
Suppose 3*k = 138 - 144. Let z(d) = -7*d**2 - 4*d - 2. Calculate z(k).
-22
Let p(a) = a**3 - 2*a**2 - 9*a + 3. Let g be ((-8)/(-6))/(7/21). Determine p(g).
-1
Let f(t) = -4*t**3 + 8*t**2 - 9*t + 12. Let z(h) = 7*h**3 - 16*h**2 + 18*h - 22. Let k(j) = 5*f(j) + 3*z(j). Let q be (-2)/5 + 37/5. Give k(q).
8
Let r = 2330 + -2335. Let p(a) = -a**3 - 4*a**2 + 5*a + 7. Give p(r).
7
Let z(s) = 4*s - 49. Let d(t) = -7 - 8 - 1 + 0 + t. Let m(i) = 7*d(i) - 2*z(i). Calculate m(-6).
-8
Let r(h) = 32*h - 2. Let f(o) = -3*o. Let a(n) = 22*f(n) + 2*r(n). Let u = 8 + -12. Give a(u).
4
Let b(f) = -f - 2. Let a = -23 - -25. Suppose 0 = 4*i - 2*l + 8, 0 = 2*i + 2*l - 4*l + a. Calculate b(i).
1
Let b(m) = 10*m**2 + 2*m - 9. Let s(c) = 9*c**2 + 2*c - 8. Let x(q) = -6*b(q) + 7*s(q). Let i(r) = -r**2 - 30*r + 929. Let h be i(-49). Calculate x(h).
6
Let q = -7 - -10. Let j(c) = c + 4. Let k(t) = -3*t - 11. Let h(s) = 11*j(s) + 4*k(s). Determine h(q).
-3
Suppose 3*u = -5*o + 12, 3*o + 0*o = -u + 8. Let h(n) = -7*n - 5 + 2 + 0*n**3 + 6*n**2 + n**o. What is h(-7)?
-3
Let l(c) = 2*c + 1. Let y(o) = -2*o + 0 - 2 + o. Let u be y(-6). Suppose 4 = u*d + 5*m, 2*d - 2*m = -0*m + 2. What is l(d)?
3
Suppose -5*s + 7*s - 5*k + 2 = 0, 0 = -4*k. Let u(c) = 10*c - 1. Determine u(s).
-11
Let y(a) be the second derivative of 1/3*a**3 - 3*a + 1/20*a**5 - 1/6*a**4 + 0 + 1/2*a**2. Determine y(3).
16
Let w be 144/(-96)*((-14)/3 + 0). Let c(k) = 2*k + 13. What is c(w)?
27
Let y(k) = -k**2 - 5*k + 7. Suppose -3*r - 16 = 14. Let v be (5 - (-2 - -2))*-15. Let t be (8/(-10))/(r/v). Calculate y(t).
1
Let c(z) = -1 - 4 + 5*z - 1 - 1 + z**2. Suppose -6 = -4*s + 2. Suppose -2*p + 3*p = s*w + 14, -33 = 5*w - 2*p. Determine c(w).
-7
Let r be (-2)/(-5) - (-6)/(-15). Let c(z) = -9*z**2 - 23*z + 29. Let o(l) = -4*l**2 - 10*l + 14. Let h(b) = 3*c(b) - 7*o(b). What is h(r)?
-11
Let v be (-7)/21 + 31/3. Suppose -z - 2 = 0, 5*c + v = 2*z + 3*z. Let j(n) = -2*n**2 - 7*n - 4. What is j(c)?
-8
Let w(n) = -5*n**3 - 6*n**2 + 7*n - 20. Let z(t) = 4*t**3 + 7*t**2 - 8*t + 19. Let h(b) = 3*w(b) + 4*z(b). What is h(-11)?
16
Suppose 0 = 4*v - 0*v. Let q be (v + (-3 - -4))*1. Let a be q/(3 + -4 - -2). Let y(l) = -l. What is y(a)?
-1
Let o be -2 + 3 - -2 - 1. Let j be -2*1*o/4. Let z(w) be the second derivative of -7*w**3/6 + 8*w + 7. Give z(j).
7
Let h(n) = -n**3 - 6*n**2 - 4*n - 6. Let z = -43 + 18. Let f be ((-2)/2)/((-5)/z). Give h(f).
-11
Suppose 3*w + w - 4 = 0. Let g be w*(2 - 16/4). Let t(v) = -6*v. Calculate t(g).
12
Let h(f) = -2*f**2 - 8*f - 7. Suppose 5*x + 20 = -2*t, -4 = -3*x - 2*t - 12. Let a be (x + 3/3)*1. Determine h(a).
-17
Let b = -13 + -9. Let v(f) = -f**2 - 25*f - 64. Determine v(b).
2
Let n(k) = -k - 11. Suppose 3*t = -5*s - 66, -2*t - 31 = -4*s - 9. Give n(t).
6
Suppose g + 2*l = 4*l - 5, 9 = 3*l. Let o(b) = 46*b**3 + b**2 - b + 1. What is o(g)?
47
Let z(r) be the first derivative of r**3/3 - 7*r**2/2 + 17*r + 625. What is z(3)?
5
Let f(a) = -a - a**2 + 7*a + 0 - a + 5. Let u be f(5). Suppose -6 = 3*h - u*h. Let n(l) = -2*l**2 + 4*l - 3. Determine n(h).
-9
Let v(d) = -5*d + 2. Suppose -69*y - 62 = -7*y. Calculate v(y).
7
Let u(b) = 19*b - 1. Let s(z) = -30*z + 2. Let g(q) = 5*s(q) + 8*u(q). Give g(2).
6
Let c(t) = 3 - 5*t**2 + t**3 + 11*t - 5*t - 3*t**2. Suppose -3*f - 28 + 49 = 0. Determine c(f).
-4
Let o(u) = 11*u + 21*u**2 + 3 - 24*u**2 + 2*u**2. Calculate o(8).
27
Let h(b) be the first derivative of b**5/30 + b**4/24 + 5*b**3/3 - 1. Let x(w) be the third derivative of h(w). Let y = -114 + 115. Determine x(y).
5
Let a = -31 - -5. Let p = -24 - a. Let t(c) = -c**2 + c - 2. Determine t(p).
-4
Let g(s) = -s**3 + 3*s**2 - s - 1. Suppose -5*l + 57 = -2*k, 7*k = 2*k + 20. Let v(i) = -i + 5. Let n be v(-5). Let b = l - n. Calculate g(b).
-4
Let i(b) = -b**3 - 10*b**2 - b - 2. Let y(t) = t**3 + 11*t**2 + t + 1. Let k(c) = -5*i(c) - 4*y(c). Let h = -31 + 33. Suppose -h*x - 12 = -0*x. What is k(x)?
0
Let z(f) = -5*f + 1. Let q(a) = 2 + 4 - 4 - 6*a - 1. Let j(y) = -4*q(y) + 5*z(y). Let d be j(7). Let v(x) = x**2 + 7*x + 7. What is v(d)?
1
Let v(o) = 22 - 6*o + o + 6*o**2 + o**3 + 11 - 38 - 2*o. Calculate v(-7).
-5
Let r(x) = 7*x**2. Let q(c) = c**3 - 7*c + 5. Let t be q(2). Calculate r(t).
7
Suppose 2*u - 9 = -5*g, 2*g - 18 = g + 5*u. Let i = -17 - -20. Let d(l) = -17 + 0*l + 21 + i*l. Determine d(g).
13
Let l(w) = w + 2. Suppose -2*a + 4 = -2. Suppose -a*k - 13 = v, 4*v - v + 7 = -k. Calculate l(k).
-2
Let m(l) be the third derivative of 0 + 1/30*l**5 + 0*l**4 - 1/3*l**3 - 3*l**2 + 0*l. Let p = -20 - -18. What is m(p)?
6
Let m = -162 - -158. Let w be -3 - (-4 - 0 - m). Let k(g) = 6*g**2 - 3*g - 3. Let b(p) = p**2 - p - 1. Let c(l) = 5*b(l) - k(l). Give c(w).
-5
Let p = -8 - -18. Suppose -4*n + p = -10. Suppose -6 + 1 = -n*r. Let y(a) = 4*a**2 + 2*a - 1. Calculate y(r).
5
Let w(j) be the first derivative of 5*j**2/2 + 7*j + 50. Calculate w(5).
32
Suppose o - 5*k = 48, 0 = -4*o - 5*k + 12 + 55. Let x(v) = -48*v + 20*v + 2 + o*v. Let g be (-4)/(-6) - 16/6. What is x(g)?
12
Let t(o) = 5*o**3 - 1 + 3 - 117*o + 118*o - 6*o**3 - o**3. Let w be 2/(1 + 1) - -1. What is t(w)?
-12
Let u(v) = v**3 - 7*v**2 + 2. Let d(i) = -i**2 - 7*i + 54. Let j be d(0). Let r = -47 + j. What is u(r)?
2
Let j(b) be the third derivative of 0 + 1/12*b**4 - 36*b**2 - 7/60*b**5 - 1/2*b**3 + 0*b + 1/120*b**6. Determine j(7).
11
Suppose 26*o = 10*o - 128. Let h(j) = -j - 7. Determine h(o).
1
Let o(c) = c**2 + 2*c - 5. Let n = 333 + -174. Let m = 155 - n. Calculate o(m).
3
Let v(r) = -36*r + 12*r + 18*r + 6 + 9*r. Determine v(-5).
-9
Let w = -10 - -15. Let y be ((-44)/(-66))/((-2)/(-126)). Let g(l) = 6 - 6*l**2 - y*l + l**3 + 0 + 47*l. Give g(w).
6
Let t(y) = 12*y + 13. Let s(p) = p + 3. Let k(r) = 6*s(r) - t(r). What is k(6)?
-31
Let f(p) = 6*p - 2 + 5*p + 4*p - 13*p. Give f(4).
6
Let z(f) = -4*f**2 + 2. Let n(x) = -7*x**2 + 8*x - 6. Let j(r) = -n(r) + 2*z(r). Calculate j(-10).
-10
Let j(q) = -2*q**2 - 30*q - 3. Suppose -490 = -c - 505. Determine j(c).
-3
Let x = 794 + -792. Let n(t) = -10*t**3 + 6*t**2 - 3*t + 3. Let u(g) = -3*g**3 + 2*g**2 - g + 1. Let i(z) = 2*n(z) - 7*u(z). Determine i(x).
1
Suppose -3 = 5*t + 2. Let o(q) = q - 2. Let k be o(t). Let w(a) = -4*a - 1. What is w(k)?
11
Suppose 5*h + 3*m - 7 = 0, 3*h + 4*m - 2 + 0 = 0. Let o be (6/5)/(h/(-10)). Let z(g) = -3*g - 6. Give z(o).
12
Let j(q) = -54 - 2*q - 3*q + 6*q + 53. Let i(a) = 4*a - 7. Let w(n) = -i(n) + 2*j(n). Let m be w(5). Let p(c) = c + 6. Determine p(m).
1
Let u(q) be the second derivative of -q**5/20 + q**4/2 - q**3 - 2*q**2 + 468*q. What is u(5)?
-9
Let t(b) = 4*b - 21. Suppose 13*m = 150 - 59. Determine t(m).
7
Suppose 2*k + 5 = 3*l, -4*k - l = 3*l + 20. Let m be k/(-10) - (-18)/30. Let v(x) = 7*x**2 + x - 1. Calculate v(m).
7
Let h = -263 - -258. Let p(l) = l**3 + 5*l**